
-164a
-4a58 (base 12) to base 9
-12485
-2959 (base 13) to base 12
-3571
10 (base 15) to base 4
33
What is -245414 (base 6) in base 10?
-21970
What is -1133420 (base 6) in base 7?
-334242
-3ddd (base 14) to base 9
-16044
-107 (base 13) to base 10
-176
What is -11143 (base 12) in base 11?
-1602a
11100 (base 5) to base 13
478
What is -32220012 (base 4) in base 6?
-1141210
Convert 1655 (base 10) to base 14.
863
-22111 (base 3) to base 8
-345
What is 3000142 (base 5) in base 7?
253541
What is -3b31 (base 14) in base 11?
-7923
What is -36f (base 16) in base 9?
-1176
Convert 1225 (base 8) to base 4.
22111
What is 20121 (base 3) in base 6?
454
What is 147 (base 15) in base 13?
196
5c2 (base 13) to base 12
6b7
-2495 (base 10) to base 9
-3372
-146 (base 9) to base 7
-234
Convert -1892 (base 14) to base 7.
-15642
Convert 20 (base 9) to base 11.
17
What is -10100111000011011 (base 2) in base 10?
-85531
Convert -41f9 (base 16) to base 6.
-210105
What is -1011000111111110 (base 2) in base 14?
-1286a
Convert 12032332 (base 4) to base 5.
1304114
What is -296 (base 12) in base 3?
-112220
155 (base 13) to base 12
17b
Convert 970 (base 15) to base 13.
c7b
What is 131221 (base 4) in base 15?
867
Convert 1171 (base 8) to base 6.
2533
-2ee (base 15) to base 12
-482
Convert -617 (base 15) to base 8.
-2534
What is 503 (base 7) in base 10?
248
Convert 4524 (base 9) to base 7.
12514
Convert 162542 (base 8) to base 9.
88486
What is -4886 (base 10) in base 12?
-29b2
Convert 40110 (base 5) to base 2.
100111100010
32241 (base 7) to base 14
2cc8
What is -2592 (base 11) in base 15?
-ee8
What is -19271 (base 15) in base 14?
-21a16
What is -47379 (base 11) in base 6?
-1244202
2133 (base 6) to base 16
1e9
What is 11022 (base 6) in base 8?
2766
-1a52 (base 11) to base 8
-5046
-145 (base 8) to base 6
-245
What is -101000110100 (base 2) in base 14?
-d48
Convert -717 (base 15) to base 5.
-22342
Convert 555 (base 8) to base 9.
445
Convert 2369 (base 14) to base 6.
44321
What is -120144 (base 6) in base 2?
-10100011000000
-1a7 (base 13) to base 11
-259
What is -1cd9 (base 16) in base 13?
-3491
Convert 216 (base 11) to base 7.
520
Convert 20330 (base 7) to base 6.
35002
Convert -693 (base 11) to base 4.
-30330
What is -121023 (base 4) in base 12?
-b23
-1010100111100 (base 2) to base 14
-1da4
Convert -1316 (base 7) to base 11.
-418
What is 1030232 (base 4) in base 10?
4910
-52542 (base 11) to base 7
-436041
19a00 (base 12) to base 16
9360
-11b9a (base 14) to base 11
-2a712
Convert -13204 (base 6) to base 11.
-1577
What is 2643 (base 8) in base 6?
10403
Convert -6549 (base 10) to base 15.
-1e19
Convert 9458 (base 14) to base 3.
1022001121
What is -151b (base 12) in base 6?
-15235
Convert 8c11 (base 14) to base 3.
1020100201
What is -1110011000 (base 2) in base 13?
-55a
43d (base 15) to base 5
12313
Convert -6a8 (base 11) to base 10.
-844
1001010000 (base 2) to base 9
727
Convert -b04 (base 12) to base 5.
-22323
What is -1010101000100 (base 2) in base 7?
-21605
-53315 (base 7) to base 2
-11001110001001
Convert -11010101 (base 2) to base 7.
-423
Convert -143424 (base 6) to base 11.
-a387
Convert -414 (base 16) to base 8.
-2024
-163 (base 10) to base 6
-431
-220101100 (base 3) to base 16
-456f
What is -1331 (base 6) in base 5?
-2333
-657 (base 12) to base 4
-32203
15822 (base 9) to base 8
25172
Convert -1100101000 (base 2) to base 9.
-1087
2122000 (base 3) to base 9
2560
What is 3830 (base 12) in base 7?
24402
Convert 2435 (base 8) to base 11.
a90
-1211440 (base 5) to base 3
-1011012102
2a86 (base 11) to base 7
14364
Convert -1010220 (base 3) to base 9.
-1126
What is -7305 (base 12) in base 2?
-11000011110101
Convert 15087 (base 12) to base 14.
aa59
-110121 (base 3) to base 12
-244
Convert 1001011110 (base 2) to base 15.
2a6
What is -3120 (base 9) in base 15?
-a26
Convert 313 (base 13) to base 8.
1013
What is -1011254 (base 6) in base 7?
-260512
-2110022100 (base 3) to base 6
-1011443
Convert 1343 (base 7) to base 12.
375
-12410 (base 6) to base 7
-5322
Convert 111001011011 (base 2) to base 4.
321123
What is -241224 (base 6) in base 5?
-1133130
372a (base 13) to base 8
17202
21554 (base 6) to base 12
18ba
-34013 (base 5) to base 6
-15011
Convert 113200 (base 4) to base 6.
10544
Convert -10101110111111 (base 2) to base 14.
-411d
-1200002220 (base 3) to base 7
-164604
-52b (base 13) to base 7
-2400
Convert -29434 (base 11) to base 7.
-232546
1c4 (base 16) to base 10
452
100121 (base 3) to base 4
10003
What is 101010101 (base 2) in base 3?
110122
What is -b57 (base 12) in base 13?
-9a0
Convert -1001022 (base 3) to base 13.
-46a
-3000224 (base 5) to base 12
-231b7
Convert -96 (base 12) to base 7.
-222
What is 815 (base 15) in base 3?
2111102
352 (base 10) to base 12
254
-81a (base 13) to base 15
-61a
Convert 1012 (base 8) to base 12.
376
What is -15213 (base 7) in base 15?
-13b9
Convert -3d97 (base 16) to base 9.
-23558
What is 170 (base 12) in base 11?
198
Convert -12113002 (base 4) to base 14.
-96ca
What is 1011001100001001 (base 2) in base 6?
552105
Convert 194 (base 10) to base 14.
dc
What is 345 (base 9) in base 7?
554
Convert -111001120 (base 3) to base 15.
-2c49
-2a25 (base 14) to base 11
-5691
What is 10010000110 (base 2) in base 15?
523
Convert -91 (base 15) to base 2.
-10001000
Convert -417 (base 16) to base 3.
-1102210
What is -114403 (base 6) in base 16?
-2763
What is 574 (base 9) in base 12?
334
-320324 (base 5) to base 12
-624a
30200 (base 4) to base 15
385
What is -18412 (base 9) in base 11?
-9621
Convert 14033 (base 9) to base 14.
3671
-3 (base 4) to base 12
-3
-2029 (base 11) to base 14
-da5
8a7a (base 11) to base 8
27251
What is f84 (base 16) in base 9?
5403
Convert -11124 (base 8) to base 11.
-3586
Convert -23023 (base 4) to base 15.
-32a
Convert -a11 (base 13) to base 2.
-11010101000
2560 (base 8) to base 13
831
21335 (base 7) to base 13
2561
What is -2157 (base 15) in base 2?
-1101110010001
Convert 9c2 (base 14) to base 16.
78e
What is 210220 (base 3) in base 7?
1503
Convert 211001102 (base 3) to base 12.
9378
What is a7 (base 13) in base 15?
92
-6606 (base 9) to base 13
-22a4
Convert 3071 (base 8) to base 5.
22333
-1424 (base 15) to base 2
-1000011010101
-101111011000 (base 2) to base 8
-5730
Convert 650 (base 11) to base 5.
11111
Convert 11420 (base 9) to base 8.
16720
What is 31b (base 12) in base 5?
3310
-1886 (base 12) to base 5
-43412
What is 104252 (base 7) in base 15?
565e
Convert -13a83 (base 12) to base 7.
-143025
What is -21453 (base 6) in base 14?
-1133
What is -3115 (base 11) in base 7?
-15020
-149 (base 13) to base 14
-126
What is -64450 (base 7) in base 6?
-202041
-441 (base 5) to base 11
-100
What is -10211210 (base 3) in base 4?
-223302
160505 (base 7) to base 16
7ae7
33012 (base 4) to base 12
686
What is 31430 (base 5) in base 4?
201003
What is -4ba (base 16) in base 3?
-1122211
Convert -100010001001000 (base 2) to base 11.
-12151
-1334300 (base 5) to base 15
-8200
What is -45549 (base 10) in base 15?
-d769
What is 22 (base 14) in base 9?
33
Convert -2322 (base 6) to base 8.
-1052
Convert 344332 (base 5) to base 9.
18082
What is -3890 (base 11) in base 6?
-35232
11323303 (base 4) to base 13
b0aa
1010111001000 (base 2) to base 10
5576
-85577 (base 10) to base 6
-1500105
46c (base 13) to base 16
2fe
-2311 (base 7) to base 8
-1511
Convert 233 (base 10) to base 13.
14c
Convert 35b (base 12) to base 15.
238
Convert -151314 (base 6) to base 14.
-5462
What is 111000011 (base 3) in base 16?
2509
23412 (base 5) to base 11
1335
Convert 31115 (base 7) to base 3.
101102202
What is -1200200 (base 3) in base 16?
-4d1
Convert 935 (base 11) to base 2.
10001100111
Convert -36a (base 12) to base 8.
-1002
-15767 (base 10) to base 11
-10934
What is 334 (base 9) in base 14?
158
-111000011000000 (base 2) to base 15
-8844
Convert 7bc (base 14) to base 11.
1179
What is 1111011 (base 2) in base 9?
146
Convert -332322 (base 5) to base 16.
-2d43
What is d28 (base 14) in base 8?
5030
15440 (base 8) to base 16
1b20
What is 1111202 (base 3) in base 5?
13400
What is -11212300 (base 4) in base 3?
-1011111101
488 (base 10) to base 5
3423
What is -725 (base 11) in base 2?
-1101101010
What is -3568 (base 15) in base 13?
-521c
Convert -1953 (base 12) to base 11.
-2357
Convert 23510 (b